 factor of l and 59?
59
Let p be (-38)/19*3/(-2). What is the greatest common divisor of 1 and p?
1
Suppose -22*n + 27*n - 155 = 0. What is the highest common factor of n and 62?
31
Suppose 2*f + 5*i + 61 = 211, 0 = -4*f - i + 282. What is the greatest common divisor of 14 and f?
14
Let a be (-120)/(-45)*((-38)/(-8) - 1). What is the highest common divisor of a and 35?
5
Suppose 2*p = -2*v + 242, 2*v = -2*v + p + 504. Calculate the highest common factor of 25 and v.
25
Let f = 10 - 6. Suppose -9 = -3*v, f*j - 63 = -3*v - 10. Calculate the greatest common divisor of j and 77.
11
Suppose 3*s = c - 1, 0*c = -3*s - 3*c + 3. Suppose -j + 12 - 3 = s. Let k be (-358)/(-4) + (-2)/(-4). Calculate the greatest common factor of k and j.
9
Let d = 3 + -2. Let j = d - -2. Let k = -1 - -4. Calculate the highest common factor of j and k.
3
Let y be (15 - 17)/((-1)/10). Let d be 2/(-4) - 291/(-2). Let p = 205 - d. Calculate the greatest common divisor of p and y.
20
Suppose -2*d = 3*d - 45. Let o be -3*(-1 - 111/d). Suppose -a + 38 = 3*a - 2*c, -4*c - 28 = -2*a. Calculate the greatest common factor of a and o.
8
Suppose 18*c - 29*c = -990. Suppose 2*u + 2 = j, 2*u - 5*u = -j + 3. Let m(f) = -11*f**3 - 1. Let l be m(u). What is the highest common factor of c and l?
10
Suppose -2 - 3 = 5*y. Let j be 13*1/1 + y. Calculate the highest common divisor of j and 84.
12
Suppose 4*v - 7*v = -396. Let l be (-8)/10*90/(-4). Let i be (0 - l)/(9/(-6)). What is the greatest common divisor of i and v?
12
Let b = 7 - 17. Let w be b/(-4)*42/35. What is the highest common divisor of 1 and w?
1
Suppose -297 = -3*c - w - 3*w, -2*w + 99 = c. Calculate the highest common divisor of c and 9.
9
Let g be 27/(-2)*2*-4. Let a = -52 - -64. Calculate the greatest common factor of a and g.
12
Suppose -n = 2*n. Suppose n = 2*q + 10, -4*f + 3*q + 111 = -0*q. Calculate the highest common factor of f and 12.
12
Suppose -8*z + 3*z = -420. Let x(u) = u**2. Let t be x(-2). Suppose 0*k - t*k = -48. What is the highest common divisor of k and z?
12
Let i = -8 + 11. Suppose 4*k - 64 - 32 = 0. What is the highest common factor of i and k?
3
Suppose 5*z + p = 79, -z - 2*z + 3*p + 51 = 0. What is the greatest common factor of 64 and z?
16
Suppose 0 = 3*l - 10 - 95. What is the greatest common divisor of 5 and l?
5
Suppose 2*t - 19 = 3*j - 0*j, 5*t - 31 = 2*j. Let l be (-4)/(-10) - 146/(-10). What is the greatest common factor of l and t?
5
Suppose -2 = 2*q - 4*v + 6, 0 = -5*q - 5*v + 40. Let g(m) = -2 - 8*m - 1 - 5*m**2 + q*m**2. Let c be g(-3). Calculate the greatest common divisor of c and 4.
4
Let y = 0 + -4. Let q be 4/(-1)*(y + 1). What is the greatest common factor of 132 and q?
12
Let s = 7 - 5. Suppose n = -s*p, -2*n - 5 = 5*p - 3. Let b be p/11 - 224/(-22). Calculate the highest common factor of 80 and b.
10
Let r(d) = d**3 - 4*d**2 + 3*d. Let y be r(3). Suppose y = 5*f - 21 + 1. Calculate the highest common factor of 24 and f.
4
Suppose -2*q = -3*v - 13, q = -5*v + 28 - 2. Calculate the highest common factor of q and 77.
11
Let x be (32/40)/((-2)/(-180)). Let y be (0 - -1)*(-9)/(-1). What is the greatest common factor of y and x?
9
Suppose 140 = 3*n + 2*g - 73, 63 = n - 2*g. Let i be 115*((-4)/(-5))/2. Calculate the highest common factor of n and i.
23
Suppose -10 = -b + 5. Calculate the greatest common divisor of 15 and b.
15
Suppose 0 = 4*b - 9*b + 470. Suppose b = p + p. Suppose 3*j - 38 = -i - i, 2*j - p = 3*i. Calculate the highest common factor of j and 40.
8
Let n be 56/(2/(-4) - 6/(-4)). What is the greatest common factor of n and 8?
8
Suppose -8 - 4 = -4*w. Let x(n) = -n**3 + 6*n**2 - n + 2. Let m be x(w). Calculate the greatest common factor of 52 and m.
26
Suppose 0 = -80*w + 83*w - 333. Calculate the highest common factor of 74 and w.
37
Suppose 0 = d - 3*p - 141, -4*d = -5*d - 5*p + 157. What is the greatest common factor of 21 and d?
21
Let a(k) = -k**3 + 7*k**2 + 9*k - 4. Let y be a(8). Let h = 5 - 3. Suppose -5*w + 3 = n - 32, -2*n + 6 = h*w. What is the highest common factor of w and y?
4
Suppose 2*t - t - 35 = 0. What is the highest common divisor of 14 and t?
7
Let p = 40 - 32. Calculate the greatest common factor of p and 8.
8
Let u = 9 + -3. Let i = 47 - 17. Calculate the greatest common divisor of u and i.
6
Let l(n) = 2*n**2 - 5*n + 6 - n - 3 + 0*n**2. Let w be l(4). What is the highest common divisor of w and 11?
11
Suppose 6*w - 23 = 805. What is the highest common factor of 6 and w?
6
Suppose 2*u - 5*u = 0. Suppose 5*o + k - 143 = u, -2*o - 18 = k - 77. Calculate the greatest common divisor of 7 and o.
7
Let i = -17 + 31. Calculate the highest common factor of i and 154.
14
Let d(a) = 13*a - 12. Let o(q) = -3*q + 3. Let i(v) = 2*d(v) + 9*o(v). Let s be i(7). Let k = s - -11. What is the greatest common divisor of 7 and k?
7
Suppose -2*u + u + 8 = 0. Let r = 20 - u. Suppose 195 = 12*i - 21. What is the greatest common divisor of r and i?
6
Suppose 0 = 6*n + 25 - 61. Let q = 3 - -3. What is the greatest common factor of n and q?
6
Suppose -3*q = -8*q + 85. Let w = -209 - -294. Calculate the highest common factor of q and w.
17
Suppose -s + 2 + 3 = 0. Suppose 17 = m + 5*k, -5*m + s*k = 2*k - 1. Let q be m + -1 + 26/1. What is the highest common factor of q and 3?
3
Suppose 5*x = 710 + 460. Calculate the greatest common divisor of 39 and x.
39
Suppose 0 = 12*g - 9*g - 6. Calculate the highest common divisor of 10 and g.
2
Let y = 9 - 7. Let f = 7 + y. What is the highest common divisor of 3 and f?
3
Suppose -2*g - 2*o = -6, 2*o = 2*g - o + 9. Suppose 4*l = -t - 11 + 64, g = -2*l + 10. Calculate the highest common factor of t and 11.
11
Suppose 2*w + 3*r - 18 = 0, -3*w + 5 = -r - 0*r. What is the greatest common divisor of 24 and w?
3
Suppose -n + 6 - 3 = 5*y, 5*y - 21 = -2*n. Suppose 4*j - 50 = -n. What is the greatest common divisor of j and 8?
8
Suppose 38 = 3*h - 4*g + 5, 4*h + g = 25. Suppose 5*b - 3*s = -h*s + 76, 5*s + 16 = 3*b. Calculate the highest common divisor of 12 and b.
12
Suppose -3*v = v. Let h = v - -60. Calculate the highest common factor of 15 and h.
15
Suppose -w - 2*s + 8 = 0, 3*s - 15 = -5*w + 39. Let f = 14 - w. Calculate the greatest common factor of f and 6.
2
Let l(f) = -4*f - 3. Let p = -7 - -4. Let h be l(p). Let i be -1*(-1)/1*3. Calculate the highest common factor of i and h.
3
Suppose 4*s - 13 - 7 = 0. Suppose 2*h = 4*k + 5 - 1, -10 = -5*h + 4*k. Let f = h - 1. What is the highest common factor of s and f?
1
Let n be 27 + 5 + 16/(-4). Calculate the highest common divisor of n and 112.
28
Suppose -4*f + 2*p + 70 = 0, 85 = 3*f + f + p. Suppose 2*b - 184 - f = 0. Let i be b/2 + 0/1. Calculate the greatest common factor of 17 and i.
17
Suppose 12 = 2*a + 2*x, a - 4*a = -4*x + 17. Let d be -2 - (1 - (49 - a)). Calculate the highest common divisor of 9 and d.
9
Suppose 3 = x - 0. Suppose -12 = -3*a + 3*m + 3, x*m + 1 = -4*a. Suppose -w - 20 = -a*w. What is the greatest common factor of 10 and w?
10
Suppose -41 = 4*z - 2*m + 3*m, 3*z + 32 = -2*m. Let k = 17 + z. What is the greatest common factor of k and 77?
7
Suppose 337 = 5*l - 3*h - 62, -6 = -3*h. Suppose -8*w - 16 = -4*w. Let x be -12*((-1)/w + -1). Calculate the highest common divisor of l and x.
9
Let b be (-2)/(-1)*8/16. Let l(d) = d**2 + 2*d - 4. Let u be l(5). Let t be (2 - b)*u - -1. Calculate the highest common factor of 80 and t.
16
Let v = -36 - -84. Suppose 0 = -3*a + 35 + 1. Calculate the greatest common factor of a and v.
12
Let t(o) = -o**2 + 6*o - 5. Let s be t(5). Let h be -1 - (-3 + (s - 3)). What is the greatest common divisor of 25 and h?
5
Suppose -5*f + 186 = -39. Let n = 45 + -30. What is the greatest common factor of n and f?
15
Let b(o) = o**3 + 11*o**2 + 18*o + 7. Let w be b(-8). What is the highest common divisor of w and 5?
5
Let z = -4 + 4. Let r = z + -2. Let w be (1 + (-9)/3)*r. Calculate the highest common factor of 4 and w.
4
Let g = 50 - 47. Calculate the greatest common factor of 4 and g.
1
Let o be 2/3*(-117)/(-6). Let k be -1 - -45 - (-3 + 4). Suppose -k = 2*x - 173. What is the highest common divisor of o and x?
13
Suppose 0 = -12*p + 10*p + 32. Calculate the highest common factor of p and 8.
8
Suppose 17*i - 14*i + 6 = 0. Let n be (11/(-2))/(i/28). Wh